e (-1290)/w + 2/12. What is the highest common factor of 9 and r?
9
Let x be -1*(3 + -2 - 4) + -3. Suppose 2*t = -2*t - 4*k + 76, x = 5*k + 10. What is the highest common divisor of 3 and t?
3
Suppose 5 = 5*j, 0 = -0*z - 5*z - 2*j + 1322. Let r be (2/(-3))/(4/(-144)). What is the greatest common factor of z and r?
24
Let q(o) = 11*o**2 - 2*o + 3. Suppose 2*w = -v + 1, 5*v - 2 = -2*w - 5. Let r be q(w). Calculate the greatest common divisor of 84 and r.
12
Let p = 289 - -63. Calculate the highest common factor of 88 and p.
88
Suppose 5*i + 3*x + 1 = 9, 0 = -3*i - 3*x. Let w = i + 11. Let v(u) = u**2 + 16*u + 9. Let h be v(-18). What is the greatest common divisor of w and h?
15
Let s be (-406)/(-116)*(-848)/(-14). What is the highest common divisor of s and 477?
53
Suppose 3*h + 15 = 3*d, 4*d - 11 = -3*h + 23. Let u be -33*(1 - 9 - 255/(-45)). Calculate the greatest common factor of u and d.
7
Let x(o) = -o**3 - 7*o**2 - 8*o - 2. Let u be x(-6). Suppose -53 = -b - 3*c, -520 = -5*b - 3*c - 147. Calculate the highest common factor of u and b.
10
Suppose -7*b = 2*b - 450. Calculate the highest common divisor of 850 and b.
50
Let q(v) = v**3 + 7*v + 12 - v**2 - 13*v + 19*v + 9*v**2. Let d be q(-6). Calculate the greatest common divisor of 48 and d.
6
Suppose -71*z = -28*z - 48160. Calculate the highest common divisor of z and 35.
35
Let u(q) = -q**2 - 7*q. Suppose 8 = -8*l + 10*l. Suppose l*b + 18 = 2*o, 4*o - 6 = b - 5. Let k be u(b). What is the highest common factor of 10 and k?
10
Suppose 10 = 5*l - 7*l. Let i be (-2 + -1 - -10)*l. Let u be (i/(-14))/((-2)/(-4)). Calculate the highest common divisor of u and 45.
5
Suppose u + 40 = 3*u. Let i(a) = -21*a**3 + 2*a**2 - 3*a + 2. Let f be i(1). Let p be 146/5 - f/25. Calculate the highest common divisor of p and u.
10
Let f(b) = 3*b + 166. Let c be f(-34). What is the greatest common divisor of 72 and c?
8
Let p be (1/3)/(0 - 1/129). Let b = p + 131. Calculate the greatest common divisor of 11 and b.
11
Suppose 7*x - 11*x = -3*q - 13160, -x + 4*q = -3290. What is the greatest common divisor of x and 70?
70
Let b = -248 + 264. What is the greatest common divisor of 16 and b?
16
Let y(l) = -l**2 + l - 1. Let h(d) = 3*d**2 + 6*d + 21. Let k(v) = h(v) + 2*y(v). Let r be k(-9). Calculate the greatest common factor of r and 28.
28
Let z be 36/(-3 + 5/((-30)/(-27))). What is the highest common divisor of z and 24?
24
Let a = -427 - -430. Suppose 4*y - 1 - 11 = 0. Suppose -a*u + 50 + 84 = 4*p, y*u + 41 = p. What is the greatest common divisor of p and 14?
7
Suppose 46*k - 324 = 19*k. Suppose k = 8*f - 76. Suppose -q + 3*q - 110 = 0. Calculate the greatest common factor of f and q.
11
Suppose 959 + 1505 = 14*h. Calculate the greatest common factor of 99 and h.
11
Suppose -43*k = -89 - 599. What is the highest common divisor of 1136 and k?
16
Suppose -93*i - 1380 = -95*i. Let k be 9/6 + (2 - i/(-4)). Calculate the greatest common factor of 16 and k.
16
Suppose -5*y = -4*t + 11, -y + 16 = -6*y - t. Let u be -1 + 26*y*(-3)/18. Calculate the highest common divisor of 3 and u.
3
Let s(g) = -3*g**3 + 13*g**2 + 2*g - 7. Let k be s(4). Calculate the highest common divisor of 170 and k.
17
Let o be (47/141)/((-2)/(-540)). What is the greatest common factor of 50 and o?
10
Let p(y) = y**2 - 5*y + 7. Let s be p(5). Let j(f) = -246*f - 5409. Let b be j(-22). Calculate the greatest common divisor of s and b.
1
Suppose 4*h + 80 = 9*h. Suppose h*p + 90 = 22*p. Calculate the greatest common divisor of 30 and p.
15
Let u(p) = -p**3 + 35*p**2 + 76*p - 48. Let k be u(37). What is the greatest common divisor of k and 13?
13
Let w(q) = 2*q**2 + 7*q - 2. Let h be w(-5). Let a = -307 - -398. Calculate the greatest common divisor of h and a.
13
Suppose 0*t - 3*t = -3*f, -f - 8 = -3*t. Suppose 2*l = 52 - f. Let g be l/84 - (-488)/7. Calculate the highest common factor of 14 and g.
14
Suppose 0 = -d + 5*m - 20, 2*d + 4*m + 1 = m. Let z(y) = y**2 - y - 3. Let q be z(d). Suppose g = 31*g - 540. Calculate the highest common divisor of q and g.
9
Let k(i) = -i**3 + 2*i**2 - i - 2. Let m be k(-2). What is the greatest common factor of m and 8?
8
Let g(k) be the first derivative of -7*k**2/2 + 3*k + 4. Let s be g(-2). What is the greatest common divisor of s and 17?
17
Let m be (0 - 1) + (1 - -36). Let o = -47 - -65. Suppose 0 = -2*r + 6 + o. Calculate the greatest common factor of r and m.
12
Let v(o) = o**2 + 29*o + 111. Let c be v(-25). Calculate the greatest common factor of c and 33.
11
Let d be 3*14/10*15. Suppose 20 = -2*y - 3*y, v + 33 = 3*y. Let t = v + d. What is the greatest common factor of 90 and t?
18
Suppose -47 = -4*d + 3*m, -3*d + 2*m = -m - 36. Let n be 920/28 - (-2)/14. Let o be d/n - 286/(-6). What is the greatest common divisor of 24 and o?
24
Suppose -4*t = 3*w - 7*w - 16, -19 = w - 4*t. Let m be (-12)/7*14*w/(-4). Calculate the greatest common divisor of 18 and m.
6
Let d(k) = 2*k - 3. Let l be d(6). Suppose 5*v + 64 = l*v. Let r be 9/4*v/4. What is the highest common factor of 9 and r?
9
Let a be (-7)/42 + 10/(-12). Let r be ((-2)/6 - a)*-6. Let k be 15/(-1*4/r). What is the highest common factor of k and 3?
3
Let p = 68 - -17. Calculate the greatest common factor of 85 and p.
85
Let j be 3 + -2 - (0/3 - -2). Let s be (((-1)/j)/2)/((-21)/(-42)). What is the highest common divisor of 7 and s?
1
Let d(v) = -v + v**2 + 16*v - 2*v**2 + 0*v. Let c be d(14). Let l be ((-28)/(-6))/(c/21). What is the highest common divisor of l and 21?
7
Let n be 416/72 - 2/(-9). Calculate the highest common divisor of 600 and n.
6
Let k be ((-2)/4)/((-2)/32). Suppose 123 = 5*z + 3*c, z + 23 - 43 = 4*c. Calculate the highest common factor of z and k.
8
Suppose -9*w + 11*w + 519 = 3*k, 2*k - 359 = -3*w. Calculate the greatest common factor of k and 70.
35
Suppose 5*a + 25 = -0*a, 5*a + 21 = -2*b. Let f(t) = -6*t + 3*t + 22 + 3*t + b*t. Let p be f(-10). What is the highest common divisor of p and 3?
1
Let h be (-70)/(-21)*36/10. Let g(u) = -15*u - 15. Let i be g(-5). What is the highest common factor of i and h?
12
Let o(z) = 2*z**2 + 5*z. Let f be o(-4). Suppose -5*a + a = -f. Suppose 0*y = a*y - 45. What is the highest common factor of y and 15?
15
Let d be 9/6*(-8)/(-3). Let r = d + 0. Let n be (-32)/12*(-3)/r. What is the greatest common factor of 16 and n?
2
Let v = 262 - 202. Calculate the greatest common factor of v and 16.
4
Let z = 80 - 36. Let y = -7 - -10. Suppose -8 - 4 = -y*d. What is the greatest common factor of d and z?
4
Let v be 0 - 1 - (-9 - -2). Let b(w) = -133*w - 9 - 131*w + 268*w. Let l be b(v). What is the greatest common divisor of l and 105?
15
Let y be 38 - ((8 - 3) + -2). What is the highest common factor of y and 15?
5
Let p = -140 - -143. What is the greatest common factor of 8 and p?
1
Let n be 7/((-14)/(-12)) + -33 + 36. What is the highest common divisor of n and 1737?
9
Suppose -264 = -29*q + 26*q. What is the highest common divisor of 24 and q?
8
Suppose 2*r - 11 = -5*z - 2*r, 4*z = 3*r + 15. Suppose -2*k + 29 = 4*x - 83, k + 74 = z*x. Calculate the highest common divisor of 26 and x.
26
Let b = 17 - -604. Calculate the highest common factor of 46 and b.
23
Suppose -26*x + 656 = -254. What is the highest common divisor of x and 420?
35
Suppose 5*b + 3 = w + 17, 2*w + 6 = -b. Calculate the highest common factor of 16 and b.
2
Let r(v) = v + 5. Let l be r(4). Suppose -21 = 5*m + 9. Let n be 11/(-3)*162/m. What is the greatest common divisor of l and n?
9
Suppose p - 148 + 11 = 0. Let v = p + -81. What is the highest common divisor of v and 8?
8
Let y be 79*2 + 30/(-10). Suppose -5*t + y = -70. Calculate the highest common divisor of 495 and t.
45
Let a = -20 + 59. Suppose 8*o - 169 - a = 0. Calculate the greatest common divisor of o and 104.
26
Let f = -19 - -34. Suppose 175 + 125 = d. Let a be (8/(-20))/((-2)/d). What is the highest common factor of f and a?
15
Suppose -2337 = -10*v - 887. What is the greatest common factor of 58 and v?
29
Let z be 2/(-8) - (-225)/36. Let a be (z/(-10))/((-2)/40). What is the greatest common factor of a and 96?
12
Suppose -5*l + 40 = 5*l. What is the highest common factor of l and 1?
1
Let v = 269 + -205. What is the greatest common factor of v and 96?
32
Suppose b = -3